00. Calculate the highest common factor of 11 and v.
11
Let r = 371 - 105. What is the greatest common divisor of r and 38?
38
Let z(h) = h**3 + 9*h**2 - 3*h - 9. Let q be z(-9). Calculate the greatest common divisor of 12 and q.
6
Suppose 18 = 4*t - 46. Calculate the highest common divisor of 2 and t.
2
Let k = 39 - 30. Calculate the greatest common factor of k and 9.
9
Let f(w) = -w**2 - 16*w + 41. Let r be f(-18). What is the greatest common factor of r and 15?
5
Let o = 18 + -13. Suppose v - o = -2. Let z = 20 + -8. Calculate the highest common factor of z and v.
3
Let z = -28 + 48. Let g = -10 + z. What is the highest common factor of g and 15?
5
Let q be (-5)/10 - (-14)/(-4). Let j be 1 + -2 - 13*q. Calculate the greatest common factor of j and 34.
17
Let u(f) = -2*f**3 - 6*f**2 + 6*f - 10. Let p be u(-6). Calculate the highest common divisor of p and 68.
34
Suppose 3*o + 6 - 54 = 0. Suppose -8*l = -6*l - o. Let y(f) = f**3 - 5*f**2 + f - 2. Let s be y(6). Calculate the greatest common factor of s and l.
8
Suppose -m + 84 = 3*i, 2*m + m + 84 = 3*i. What is the greatest common divisor of i and 182?
14
Let v be (6/(-15))/((-7)/(-25))*-7. What is the highest common factor of 30 and v?
10
Suppose 0 = 5*u - o - 84, -o = -u + 4 + 12. What is the greatest common factor of 119 and u?
17
Suppose 7*w = 3*r + 9*w - 137, -4*r + 5*w + 175 = 0. Calculate the highest common factor of r and 27.
9
Let h(k) = k**3 - 2*k**2 - 2*k - 4. Let n be h(4). Let f be (-60)/50*25/(-3). Calculate the highest common factor of f and n.
10
Let b(h) = 3*h + 15. Let d be b(-7). Let q = d + 7. Calculate the greatest common factor of 8 and q.
1
Let d(y) = -y**3 + 7*y**2 + y - 8. Let c be d(7). Let k be 0 + 18*22 + c. Let r = k - 269. What is the greatest common divisor of 14 and r?
14
Let j = -49 + 69. Let k be (30/(-21))/(2/(-14)). Calculate the greatest common divisor of j and k.
10
Let c(i) = -i**3 - i**2 + 16*i. Let h be c(-6). What is the greatest common divisor of h and 28?
28
Let p = -13 + 6. Let d(j) = -5*j. Let q be d(p). Let i = 53 + -46. What is the highest common divisor of q and i?
7
Suppose -15 = z + 4*z. Let h be (-2)/z + (-47)/3. Let n = h + 21. What is the greatest common divisor of 2 and n?
2
Let s(d) = d**3 - 10*d**2 - 4. Let z be s(11). Suppose 5*y + 51 = 2*a, 2*y + 5 = y. What is the highest common factor of a and z?
13
Suppose 0 = 35*n - 30*n - 325. Let a(v) = v**3 + 7*v**2 + 7*v + 6. Let c be a(-4). What is the highest common factor of n and c?
13
Suppose j + 94 - 10 = 5*c, 0 = -4*j - 16. Let t be 7/(105/(-144))*1*-5. Calculate the greatest common factor of t and c.
16
Let s be 2*3/(-6)*1. Let g be (-354)/(-12) + s/(-2). What is the highest common divisor of g and 20?
10
Suppose 5*q - 72 = 2*y, -q + 5*y = y. Calculate the highest common divisor of q and 24.
8
Let v(l) = -l**2 + l + 5. Let h be v(0). Let a be (-1 + -1)/((-4)/2). Let b be (-5)/((a + 1)/(-10)). Calculate the highest common factor of h and b.
5
Let q be (42/3)/(3 + -1). Suppose -4*m - 21 = -5*m. Calculate the greatest common factor of m and q.
7
Let h = -10 - -18. Suppose -4 - h = -2*s. Suppose 3*v - 4 = -0*v - q, q = -v. What is the greatest common divisor of s and v?
2
Let q(y) = -y**3 + 15*y**2 - 10*y - 19. Let o be q(13). Calculate the greatest common factor of o and 27.
27
Suppose -u - 5 = -3*o - 31, -2*u + 3*o = -37. Suppose 4*h - 24 = -2*y + 18, 2*y = -h + 27. Calculate the greatest common factor of u and y.
11
Let q(s) = s**2 - 12*s + 34. Let k be q(10). What is the greatest common divisor of k and 21?
7
Suppose 12*b = 8*b + 8. What is the highest common factor of b and 8?
2
Suppose 4*l - 4*d - 34 = l, l - 10 = d. Suppose -l*u + 385 = -u. Suppose 4*o - 12 = 16. Calculate the highest common factor of u and o.
7
Let o be 133/5 - (-4)/10. Let l = 0 - 2. Let z be 1 - (l/(-2) + -3). Calculate the highest common factor of o and z.
3
Let a = 73 - 10. Let p(i) = -3*i - 9. Let f be p(-6). Calculate the highest common divisor of a and f.
9
Let k(i) be the second derivative of -11*i**3/6 + 2*i**2 - i. Let y be k(-6). Calculate the highest common factor of y and 28.
14
Let w(v) = -3*v + 114. Let d be w(0). What is the highest common divisor of d and 57?
57
Let u(q) = 11*q. Let a be ((-2)/2 + 2)*1. Let k be u(a). Calculate the greatest common divisor of k and 77.
11
Let v = 5 + -3. Suppose 0*f = 3*c + v*f - 60, 4*c - 63 = 3*f. Calculate the greatest common divisor of c and 2.
2
Let u(w) = -w**2 + 11*w + 4. Let r be u(3). Suppose 2*i - 2*p - 34 = 0, -59 = -4*i - p + 2*p. What is the greatest common divisor of r and i?
14
Let d be (1 + 0 - 2) + 4. Calculate the greatest common factor of d and 1.
1
Let p(i) = -7*i + 2. Let b be (-3 - -6) + (-1 - -2). Let r be p(b). Let j be (-10)/(-15) - r/6. What is the greatest common factor of j and 1?
1
Let v be (-1 - -3) + (-6 - -7). Suppose -v*d + 17 + 3 = -n, -29 = -4*d - n. Let a = -42 - -70. Calculate the greatest common factor of d and a.
7
Suppose 5*c + h - 130 - 75 = 0, 5*c - 185 = -5*h. Suppose -837 = -10*p - 207. What is the highest common divisor of p and c?
21
Let j(u) = -14*u - 1. Let n be j(-2). Let x be 904/18 - 6/n. Calculate the highest common divisor of x and 10.
10
Let g be (-2)/(-3)*(-30)/(-4). Suppose -116 = -g*m + y + y, 2*m - 3*y = 53. Suppose -4 = -13*u + 11*u. What is the highest common factor of m and u?
2
Let s be -25*-1*2/5. Let b = 22 - s. Suppose 2*f + 4*o = 7*f - 104, 3*f - 68 = o. What is the greatest common divisor of b and f?
12
Let c = 0 - 2. Let s be 380/9 + c/9. Suppose 44 = 4*w + 20. Calculate the greatest common factor of w and s.
6
Let k(b) = b**3 - 8*b**2 + 3*b - 12. Let q be k(8). What is the greatest common divisor of q and 6?
6
Let n(d) = -d**3 + 5*d**2 - 8*d - 5. Suppose r - 12 = -r. Let q be n(r). Let k = q + 177. What is the highest common divisor of k and 8?
8
Suppose -16 = -0*g - 3*g + 5*d, 0 = -d - 2. Let u be (30/4)/(1/g). Suppose -2*x - 2*s = -26, -s - 17 = -2*x - 0. What is the highest common factor of u and x?
5
Let s(w) = -w**2 + 2*w + 3. Let a be s(4). Let g be 2/a + 2061/15. Let z = g + -97. Calculate the greatest common divisor of z and 10.
10
Suppose 3*y - 3*b - 100 = -34, -4*y - 5*b = -79. Calculate the greatest common divisor of 84 and y.
21
Suppose -3*g + 58 = -5*f + f, -3*g + 38 = f. Let r(u) = -8*u - 13. Let l be r(-6). What is the highest common factor of l and g?
7
Let u = 3 + -1. Let j = -10 + 18. Suppose j = i + 3*i. Calculate the greatest common divisor of u and i.
2
Let r = -781 + 1198. Suppose 5*v - 2*i = -i + 701, 3*i - r = -3*v. Calculate the highest common factor of v and 20.
20
Let g(o) = -o**3 + 15*o**2 + 4. Let c be g(15). Let z be (-7 + 0)*12/(-3). What is the greatest common factor of z and c?
4
Suppose 217*p - 212*p = 1650. What is the greatest common divisor of p and 30?
30
Let m = -3 + 7. Let l(q) = q**3 - 5*q**2 + 6*q - 5. Let p be l(m). Calculate the greatest common factor of p and 9.
3
Suppose 0 = -2*x + 374 - 144. Let a = -38 + x. Let y = -4 + 11. What is the highest common divisor of y and a?
7
Suppose 3*o - 5*o - 4*b = -18, 0 = -3*o - 5*b + 27. Suppose i - 16 - o = -3*m, 5*i - 45 = -5*m. What is the highest common divisor of 2 and m?
2
Let y(v) = -v**3 + 8*v**2 - 6*v - 5. Suppose 3 + 2 = p. Let j be y(p). Suppose m + 3*m = j. Calculate the highest common divisor of 5 and m.
5
Suppose 10*m - 132 = -2*m. Let v be (-133)/(-3) - (-2)/(-6). Calculate the highest common divisor of m and v.
11
Let f be 6*((-10)/4)/(-5). Suppose 134 - 26 = f*n. What is the highest common factor of 24 and n?
12
Suppose 4*c = 4*b + 52, -3*b - b = 16. Let s = -20 + 119. What is the greatest common divisor of s and c?
9
Let u be (0 - 0) + (8 - -6). Calculate the highest common factor of 42 and u.
14
Let p(r) = r**3 - 12*r**2 + 17*r - 21. Let j be p(11). What is the greatest common factor of 36 and j?
9
Suppose 0 = -4*h - 5*x + 271, 0 = -2*h - 2*h - 4*x + 268. Let k = -37 + h. Calculate the highest common divisor of 3 and k.
3
Let p(b) = b**2 + 5*b + 5. Let v be p(-5). Let q(l) = -l**2 + 6*l. Let x be q(5). Suppose 152 = x*g - 23. What is the greatest common divisor of v and g?
5
Let s be 61 + (1/4 - (-483)/(-92)). Suppose -31 = -2*a + a. Let f be a/4 - 1/(-4). Calculate the greatest common diviso